he greatest common factor of 445494 and 252.
42
What is the greatest common divisor of 481224 and 72?
24
What is the greatest common divisor of 1501 and 589?
19
What is the greatest common factor of 1343224 and 152?
152
Calculate the greatest common factor of 344604 and 1248.
156
Calculate the highest common factor of 3010 and 1260.
70
What is the highest common factor of 16845 and 15?
15
What is the highest common factor of 4267 and 61495?
251
What is the greatest common divisor of 3583116 and 12?
12
Calculate the greatest common divisor of 350 and 13150.
50
What is the highest common factor of 35946 and 27?
9
What is the greatest common divisor of 2305021 and 94?
47
Calculate the highest common factor of 2 and 236435.
1
Calculate the highest common factor of 91395 and 189.
27
What is the highest common factor of 29212 and 335?
67
What is the highest common factor of 7756 and 196?
28
Calculate the greatest common factor of 126 and 645642.
18
What is the greatest common divisor of 6475 and 535575?
925
Calculate the highest common divisor of 14207115 and 26.
13
Calculate the highest common divisor of 15035 and 3503.
31
Calculate the highest common factor of 179 and 230552.
179
Calculate the highest common divisor of 11724 and 108.
12
What is the greatest common factor of 2050 and 9400?
50
What is the greatest common factor of 635558 and 462?
154
Calculate the highest common factor of 17329 and 1196.
13
What is the greatest common divisor of 12 and 2221542?
6
What is the highest common divisor of 2658 and 134229?
1329
What is the highest common divisor of 240 and 127560?
120
What is the highest common divisor of 3104 and 4736?
32
What is the highest common divisor of 968784 and 48?
48
What is the highest common factor of 3276 and 29276?
52
Calculate the greatest common factor of 45759 and 5565.
21
What is the highest common divisor of 145412 and 4?
4
Calculate the greatest common factor of 510110 and 19349.
1759
What is the greatest common divisor of 24791 and 13?
13
What is the greatest common factor of 7837 and 193159?
461
Calculate the highest common factor of 36 and 1287636.
12
Calculate the greatest common divisor of 20425 and 58007.
817
What is the greatest common divisor of 508 and 136?
4
What is the highest common divisor of 127 and 107?
1
Calculate the highest common divisor of 54223 and 3913.
559
Calculate the greatest common divisor of 286 and 1027.
13
Calculate the highest common divisor of 34 and 277661.
17
Calculate the greatest common divisor of 28910 and 9499.
413
Calculate the highest common divisor of 174 and 6753926.
58
What is the greatest common divisor of 5069 and 2183?
37
What is the highest common factor of 239063 and 2?
1
What is the highest common factor of 91922 and 3362?
82
What is the greatest common factor of 185 and 94831?
37
What is the greatest common factor of 526493 and 506?
253
Calculate the highest common divisor of 237919 and 4257.
473
Calculate the highest common factor of 209392 and 33002.
1138
What is the highest common divisor of 422971 and 118?
59
What is the highest common factor of 24770 and 10?
10
Calculate the greatest common factor of 1050231 and 3549.
273
What is the highest common divisor of 2520 and 401688?
504
What is the greatest common factor of 2336 and 4800?
32
Calculate the greatest common divisor of 336 and 58548.
84
Calculate the highest common divisor of 9 and 2014533.
9
Calculate the highest common divisor of 94 and 106126.
94
Calculate the greatest common divisor of 152 and 537263.
19
What is the highest common divisor of 31626 and 378?
126
What is the greatest common factor of 11737 and 1261?
97
Calculate the highest common divisor of 15 and 13985.
5
Calculate the greatest common factor of 78 and 123.
3
What is the highest common divisor of 404 and 699728?
404
Calculate the greatest common factor of 5490 and 41730.
30
What is the highest common factor of 14778 and 72?
18
What is the highest common divisor of 9 and 2065023?
9
What is the greatest common divisor of 1961275 and 2375?
475
What is the highest common factor of 68 and 127619?
17
Calculate the greatest common divisor of 16 and 2078144.
16
Calculate the highest common factor of 15 and 29840.
5
What is the greatest common divisor of 532 and 181868?
76
What is the highest common divisor of 206 and 1322?
2
Calculate the highest common factor of 159444 and 824.
412
What is the greatest common divisor of 50 and 45610?
10
Calculate the highest common factor of 732 and 2724.
12
Calculate the greatest common divisor of 18997 and 628.
157
Calculate the highest common divisor of 1517 and 10647823.
1517
What is the greatest common divisor of 107210 and 1420?
710
What is the greatest common factor of 22762 and 342?
38
Calculate the highest common factor of 46772 and 352.
44
Calculate the highest common factor of 4024 and 443646.
1006
What is the highest common factor of 46 and 3306457?
23
Calculate the highest common divisor of 570 and 507750.
30
What is the greatest common divisor of 80111 and 1?
1
Calculate the highest common divisor of 687014 and 14346.
1594
What is the highest common divisor of 1196384 and 327?
109
Calculate the highest common divisor of 298527 and 1812.
453
What is the highest common divisor of 15 and 6022155?
15
Calculate the greatest common factor of 260 and 2332096.
52
What is the highest common factor of 165 and 49808?
11
Calculate the highest common divisor of 2348 and 82767.
587
What is the highest common divisor of 8607 and 27?
3
Calculate the greatest common factor of 26075 and 31141.
149
What is the greatest common factor of 2835 and 28035?
315
What is the greatest common divisor of 21 and 5455821?
21
Calculate the highest common divisor of 299354 and 14036.
242
Calculate the highest common divisor of 169 and 2167932.
169
Calculate the highest common factor of 292 and 62999.
73
What is the highest common divisor of 3593130 and 105?
15
Calculate the highest common divisor of 59073 and 147.
21
What is the greatest common factor of 181285 and 65?
65
What is the greatest common divisor of 273 and 460005?
273
Calculate the greatest common divisor of 564 and 1164.
12
What is the highest common factor of 58555 and 119500?
1195
What is the highest common divisor of 2470 and 62890?
190
Calculate the highest common factor of 44639 and 539.
49
Calculate the highest common divisor of 493915 and 1903.
173
Calculate the highest common divisor of 515 and 918245.
515
Calculate the greatest common factor of 20083 and 25368.
1057
Calculate the greatest common factor of 18 and 1629702.
18
Calculate the highest common divisor of 29001 and 42.
21
Calculate the highest common factor of 9 and 186480.
9
What is the greatest common divisor of 32 and 2079?
1
Calculate the highest common divisor of 2433898 and 303.
101
What is the greatest common factor of 929898 and 342?
342
Calculate the highest common divisor of 59696 and 3157.
287
What is the greatest common factor of 41416 and 835?
167
Calculate the greatest common divisor of 28 and 11333.
7
What is the highest common factor of 148 and 146668?
148
Calculate the greatest common factor of 340 and 1011670.
170
What is the greatest common factor of 522287 and 173?
173
Calculate the greatest common divisor of 110704 and 1870.
374
What is the greatest common divisor of 4049824 and 128?
32
What is the greatest common factor of 7578472 and 968?
968
What is the highest common divisor of 304 and 48?
16
What is the highest common divisor of 7624 and 8?
8
What is the highest common factor of 10480 and 5?
5
Calculate the highest common divisor of 127645 and 14.
7
Calculate the highest common divisor of 1166 and 54967.
11
What is the highest common factor of 5936 and 220752?
112
Calculate the greatest common factor of 7935 and 225.
15
What is the highest common factor of 116 and 3978626?
58
What is the greatest common divisor of 1136 and 4615?
71
What is the highest common divisor of 3605 and 4269865?
515
Calculate the greatest common divisor of 110586 and 728.
14
What is the highest common factor of 2585 and 342980?
55
Calculate the highest common divisor of 24 and 8709.
3
Calculate the greatest common factor of 333 and 4514.
37
Calculate the highest common divisor of 315 and 92025.
45
